{"id":14641,"date":"2023-08-24T08:26:09","date_gmt":"2023-08-24T08:26:09","guid":{"rendered":"https:\/\/ninetheme.com\/themes\/gemstone\/?page_id=14641"},"modified":"2025-09-10T15:46:38","modified_gmt":"2025-09-10T18:46:38","slug":"nossa-empresa","status":"publish","type":"page","link":"https:\/\/farois-fortluz.com.br\/2026\/index.php\/nossa-empresa\/","title":{"rendered":"Nossa Empresa"},"content":{"rendered":"\t\t<div data-elementor-type=\"wp-page\" data-elementor-id=\"14641\" class=\"elementor elementor-14641\">\n\t\t\t\t<div class=\"elementor-element elementor-element-2c9474f2 e-flex e-con-boxed e-con e-parent\" data-id=\"2c9474f2\" data-element_type=\"container\" data-settings=\"{&quot;background_background&quot;:&quot;classic&quot;}\">\n\t\t\t\t\t<div class=\"e-con-inner\">\n\t\t<div class=\"elementor-element elementor-element-61417349 e-con-full e-flex e-con e-child\" data-id=\"61417349\" data-element_type=\"container\">\n\t\t\t\t<div class=\"elementor-element elementor-element-2be78f8f ninetheme-transform transform-type-translate elementor-widget elementor-widget-heading\" data-id=\"2be78f8f\" data-element_type=\"widget\" data-widget_type=\"heading.default\">\n\t\t\t\t\t<h1 class=\"elementor-heading-title elementor-size-default\">Farol tem que ser Forte<br>FORTLUZ<\/h1>\t\t\t\t<\/div>\n\t\t\t\t<div class=\"elementor-element elementor-element-27b9de77 ninetheme-transform transform-type-translate elementor-widget elementor-widget-heading\" data-id=\"27b9de77\" data-element_type=\"widget\" data-widget_type=\"heading.default\">\n\t\t\t\t\t<p class=\"elementor-heading-title elementor-size-default\">Fundada em abril de 1989, em uma \u00e1rea de 9m\u00b2, a FORTLUZ <br>\natualmente conta com uma \u00e1rea fabril de aproximadamente 10.000m\u00b2. \nNosso foco \u00e9 a fabrica\u00e7\u00e3o de far\u00f3is, lanternas e\nadapta\u00e7\u00f5es para linha automotiva, pesada, tratores,\nsocorro\/ca\u00e7a\/ pesca, e dispomos de uma gama de 740\nprodutos, a qual ampliamos cada vez mais.<\/p>\t\t\t\t<\/div>\n\t\t\t\t<\/div>\n\t\t\t\t\t<\/div>\n\t\t\t\t<\/div>\n\t\t<div class=\"elementor-element elementor-element-6eb8f244 e-flex e-con-boxed e-con e-parent\" data-id=\"6eb8f244\" data-element_type=\"container\">\n\t\t\t\t\t<div class=\"e-con-inner\">\n\t\t<div class=\"elementor-element elementor-element-747e3582 e-con-full e-flex e-con e-child\" data-id=\"747e3582\" data-element_type=\"container\">\n\t\t\t\t<div class=\"elementor-element elementor-element-39258f6c ninetheme-transform transform-type-translate elementor-widget elementor-widget-heading\" data-id=\"39258f6c\" data-element_type=\"widget\" data-widget_type=\"heading.default\">\n\t\t\t\t\t<h3 class=\"elementor-heading-title elementor-size-default\">S\u00e3o 36 anos  fabricando far\u00f3is, lanternas e adapta\u00e7\u00f5es<br>para linha automotiva, pesada, tratores, socorro \/ca\u00e7a\/ pesca<\/h3>\t\t\t\t<\/div>\n\t\t\t\t<div class=\"elementor-element elementor-element-58f7f0f1 elementor-widget__width-initial ninetheme-transform transform-type-translate elementor-widget elementor-widget-heading\" data-id=\"58f7f0f1\" data-element_type=\"widget\" data-widget_type=\"heading.default\">\n\t\t\t\t\t<p class=\"elementor-heading-title elementor-size-default\">Fundada em abril de 1989, em uma \u00e1rea de 9m\u00b2, a\nFORTLUZ atualmente conta com uma \u00e1rea fabril de\naproximadamente 10.000m\u00b2. Buscando o melhor\nque a tecnologia tem a oferecer, atualizamos\nfrequentemente nosso maquin\u00e1rio, bem como\nnossos processos de produ\u00e7\u00e3o e log\u00edstica. <br>\n<br>\nContamos com uma equipe especializada e\ndedicada, o que refor\u00e7a ainda mais nossa qualidade e\ngarantia.\nSeja no sol, na chuva, neblina, tempo bom ou\nruim, os produtos FORTLUZ viajam todo o nosso pa\u00eds.<\/p>\t\t\t\t<\/div>\n\t\t\t\t<\/div>\n\t\t\t\t\t<\/div>\n\t\t\t\t<\/div>\n\t\t<div class=\"elementor-element elementor-element-15baf62 e-flex e-con-boxed e-con e-parent\" data-id=\"15baf62\" data-element_type=\"container\">\n\t\t\t\t\t<div class=\"e-con-inner\">\n\t\t<div class=\"elementor-element elementor-element-1978f93 e-con-full e-flex e-con e-child\" data-id=\"1978f93\" data-element_type=\"container\">\n\t\t\t\t<div class=\"elementor-element elementor-element-6f3f944 elementor-widget elementor-widget-image\" data-id=\"6f3f944\" data-element_type=\"widget\" data-widget_type=\"image.default\">\n\t\t\t\t\t\t\t\t\t\t\t\t\t\t\t<img fetchpriority=\"high\" decoding=\"async\" width=\"499\" height=\"375\" src=\"https:\/\/farois-fortluz.com.br\/2026\/wp-content\/uploads\/2025\/09\/Empresa_01_11zon.webp\" class=\"attachment-large size-large wp-image-23846\" alt=\"\" \/>\t\t\t\t\t\t\t\t\t\t\t\t\t\t\t<\/div>\n\t\t\t\t<\/div>\n\t\t<div class=\"elementor-element elementor-element-018d0c1 e-con-full e-flex e-con e-child\" data-id=\"018d0c1\" data-element_type=\"container\">\n\t\t\t\t<div class=\"elementor-element elementor-element-f051b1f elementor-widget elementor-widget-image\" data-id=\"f051b1f\" data-element_type=\"widget\" data-widget_type=\"image.default\">\n\t\t\t\t\t\t\t\t\t\t\t\t\t\t\t<img decoding=\"async\" width=\"499\" height=\"375\" src=\"https:\/\/farois-fortluz.com.br\/2026\/wp-content\/uploads\/2025\/09\/Empresa_02_11zon.webp\" class=\"attachment-large size-large wp-image-23847\" alt=\"\" \/>\t\t\t\t\t\t\t\t\t\t\t\t\t\t\t<\/div>\n\t\t\t\t<\/div>\n\t\t<div class=\"elementor-element elementor-element-ca0249a e-con-full e-flex e-con e-child\" data-id=\"ca0249a\" data-element_type=\"container\">\n\t\t\t\t<div class=\"elementor-element elementor-element-8e61690 elementor-widget elementor-widget-image\" data-id=\"8e61690\" data-element_type=\"widget\" data-widget_type=\"image.default\">\n\t\t\t\t\t\t\t\t\t\t\t\t\t\t\t<img decoding=\"async\" width=\"499\" height=\"375\" src=\"https:\/\/farois-fortluz.com.br\/2026\/wp-content\/uploads\/2025\/09\/Empresa_03_11zon.webp\" class=\"attachment-medium_large size-medium_large wp-image-23848\" alt=\"\" \/>\t\t\t\t\t\t\t\t\t\t\t\t\t\t\t<\/div>\n\t\t\t\t<\/div>\n\t\t<div class=\"elementor-element elementor-element-f7dace7 e-con-full e-flex e-con e-child\" data-id=\"f7dace7\" data-element_type=\"container\">\n\t\t\t\t<div class=\"elementor-element elementor-element-4f5e8fa elementor-widget elementor-widget-image\" data-id=\"4f5e8fa\" data-element_type=\"widget\" data-widget_type=\"image.default\">\n\t\t\t\t\t\t\t\t\t\t\t\t\t\t\t<img loading=\"lazy\" decoding=\"async\" width=\"499\" height=\"375\" src=\"https:\/\/farois-fortluz.com.br\/2026\/wp-content\/uploads\/2025\/09\/Empresa_04_11zon.webp\" class=\"attachment-large size-large wp-image-23849\" alt=\"\" \/>\t\t\t\t\t\t\t\t\t\t\t\t\t\t\t<\/div>\n\t\t\t\t<\/div>\n\t\t<div class=\"elementor-element elementor-element-5bb9c82 e-con-full e-flex e-con e-child\" data-id=\"5bb9c82\" data-element_type=\"container\">\n\t\t\t\t<div class=\"elementor-element elementor-element-6ea40a6 elementor-widget elementor-widget-image\" data-id=\"6ea40a6\" data-element_type=\"widget\" data-widget_type=\"image.default\">\n\t\t\t\t\t\t\t\t\t\t\t\t\t\t\t<img loading=\"lazy\" decoding=\"async\" width=\"499\" height=\"375\" src=\"https:\/\/farois-fortluz.com.br\/2026\/wp-content\/uploads\/2025\/09\/Empresa_05_11zon.webp\" class=\"attachment-large size-large wp-image-23850\" alt=\"\" \/>\t\t\t\t\t\t\t\t\t\t\t\t\t\t\t<\/div>\n\t\t\t\t<\/div>\n\t\t<div class=\"elementor-element elementor-element-f89db24 e-con-full e-flex e-con e-child\" data-id=\"f89db24\" data-element_type=\"container\">\n\t\t\t\t<div class=\"elementor-element elementor-element-2e09528 elementor-widget elementor-widget-image\" data-id=\"2e09528\" data-element_type=\"widget\" data-widget_type=\"image.default\">\n\t\t\t\t\t\t\t\t\t\t\t\t\t\t\t<img loading=\"lazy\" decoding=\"async\" width=\"499\" height=\"375\" src=\"https:\/\/farois-fortluz.com.br\/2026\/wp-content\/uploads\/2025\/09\/Empresa_06_11zon.webp\" class=\"attachment-large size-large wp-image-23851\" alt=\"\" \/>\t\t\t\t\t\t\t\t\t\t\t\t\t\t\t<\/div>\n\t\t\t\t<\/div>\n\t\t\t\t\t<\/div>\n\t\t\t\t<\/div>\n\t\t<div class=\"elementor-element elementor-element-63d1dfc e-flex e-con-boxed e-con e-parent\" data-id=\"63d1dfc\" data-element_type=\"container\" data-settings=\"{&quot;background_background&quot;:&quot;classic&quot;}\">\n\t\t\t\t\t<div class=\"e-con-inner\">\n\t\t<div class=\"elementor-element elementor-element-51d23eb e-con-full e-flex e-con e-child\" data-id=\"51d23eb\" data-element_type=\"container\">\n\t\t\t\t<\/div>\n\t\t<div class=\"elementor-element elementor-element-672ec6a e-con-full e-flex e-con e-child\" data-id=\"672ec6a\" data-element_type=\"container\">\n\t\t\t\t<div class=\"elementor-element elementor-element-cdc658b ninetheme-transform transform-type-translate elementor-widget elementor-widget-heading\" data-id=\"cdc658b\" data-element_type=\"widget\" data-widget_type=\"heading.default\">\n\t\t\t\t\t<h2 class=\"elementor-heading-title elementor-size-default\">Fortluz Far\u00f3is 36 Anos<\/h2>\t\t\t\t<\/div>\n\t\t\t\t<div class=\"elementor-element elementor-element-c52fe94 elementor-widget elementor-widget-video\" data-id=\"c52fe94\" data-element_type=\"widget\" data-settings=\"{&quot;youtube_url&quot;:&quot;https:\\\/\\\/www.youtube.com\\\/watch?v=a-DQhILe8Po&quot;,&quot;video_type&quot;:&quot;youtube&quot;,&quot;controls&quot;:&quot;yes&quot;}\" data-widget_type=\"video.default\">\n\t\t\t\t\t\t\t<div class=\"elementor-wrapper elementor-open-inline\">\n\t\t\t<div class=\"elementor-video\"><\/div>\t\t<\/div>\n\t\t\t\t\t\t<\/div>\n\t\t\t\t<\/div>\n\t\t<div class=\"elementor-element elementor-element-90aca14 e-con-full e-flex e-con e-child\" data-id=\"90aca14\" data-element_type=\"container\">\n\t\t\t\t<\/div>\n\t\t\t\t\t<\/div>\n\t\t\t\t<\/div>\n\t\t<div class=\"elementor-element elementor-element-3a6b1aed e-flex e-con-boxed e-con e-parent\" data-id=\"3a6b1aed\" data-element_type=\"container\" id=\"scroll1\" data-settings=\"{&quot;background_background&quot;:&quot;classic&quot;}\">\n\t\t\t\t\t<div class=\"e-con-inner\">\n\t\t<div class=\"elementor-element elementor-element-21969ee0 e-con-full e-flex e-con e-child\" data-id=\"21969ee0\" data-element_type=\"container\">\n\t\t\t\t<div class=\"elementor-element elementor-element-5ea477fc ninetheme-transform transform-type-translate elementor-widget elementor-widget-heading\" data-id=\"5ea477fc\" data-element_type=\"widget\" data-widget_type=\"heading.default\">\n\t\t\t\t\t<h3 class=\"elementor-heading-title elementor-size-default\">Energia limpa,\ncompromisso verdadeiro\n<\/h3>\t\t\t\t<\/div>\n\t\t\t\t<div class=\"elementor-element elementor-element-233e3128 elementor-widget__width-initial ninetheme-transform transform-type-translate elementor-widget elementor-widget-heading\" data-id=\"233e3128\" data-element_type=\"widget\" data-widget_type=\"heading.default\">\n\t\t\t\t\t<p class=\"elementor-heading-title elementor-size-default\">Na Fortluz, a sustentabilidade \u00e9 mais que um ideal \u2014 \u00e9\npr\u00e1tica. Nossa f\u00e1brica opera com pain\u00e9is fotovoltaicos\npr\u00f3prios e contamos ainda com uma usina exclusiva de\nenergia solar. Essa estrutura nos permite reduzir impactos\nambientais e garantir que cada produto seja iluminado por\num futuro mais limpo, eficiente e consciente.<\/p>\t\t\t\t<\/div>\n\t\t\t\t<div class=\"elementor-element elementor-element-9d12124 elementor-widget__width-initial ninetheme-transform transform-type-translate elementor-widget elementor-widget-heading\" data-id=\"9d12124\" data-element_type=\"widget\" data-widget_type=\"heading.default\">\n\t\t\t\t\t<p class=\"elementor-heading-title elementor-size-default\">FORTLUZ FAR\u00d3IS:\nenergia com prop\u00f3sito,\ncompromisso com o amanh\u00e3.<\/p>\t\t\t\t<\/div>\n\t\t\t\t<\/div>\n\t\t<div class=\"elementor-element elementor-element-335b980f e-con-full e-flex e-con e-child\" data-id=\"335b980f\" data-element_type=\"container\">\n\t\t\t\t<div class=\"elementor-element elementor-element-1ebdb58 elementor-widget elementor-widget-image\" data-id=\"1ebdb58\" data-element_type=\"widget\" data-widget_type=\"image.default\">\n\t\t\t\t\t\t\t\t\t\t\t\t\t\t\t<img loading=\"lazy\" decoding=\"async\" width=\"746\" height=\"537\" src=\"https:\/\/farois-fortluz.com.br\/2026\/wp-content\/uploads\/2025\/08\/Energia.jpg\" class=\"attachment-large size-large wp-image-23361\" alt=\"\" \/>\t\t\t\t\t\t\t\t\t\t\t\t\t\t\t<\/div>\n\t\t\t\t<\/div>\n\t\t\t\t\t<\/div>\n\t\t\t\t<\/div>\n\t\t<div class=\"elementor-element elementor-element-b7cfa6c e-flex e-con-boxed e-con e-parent\" data-id=\"b7cfa6c\" data-element_type=\"container\">\n\t\t\t\t\t<div class=\"e-con-inner\">\n\t\t<div class=\"elementor-element elementor-element-e115b8e e-con-full e-flex e-con e-child\" data-id=\"e115b8e\" data-element_type=\"container\">\n\t\t\t\t<div class=\"elementor-element elementor-element-ae3ec9c elementor-widget-laptop__width-initial elementor-widget elementor-widget-image\" data-id=\"ae3ec9c\" data-element_type=\"widget\" data-widget_type=\"image.default\">\n\t\t\t\t\t\t\t\t\t\t\t\t\t\t\t<img loading=\"lazy\" decoding=\"async\" width=\"290\" height=\"137\" src=\"https:\/\/farois-fortluz.com.br\/2026\/wp-content\/uploads\/2025\/08\/bmc.jpg\" class=\"attachment-large size-large wp-image-23362\" alt=\"\" \/>\t\t\t\t\t\t\t\t\t\t\t\t\t\t\t<\/div>\n\t\t\t\t<\/div>\n\t\t<div class=\"elementor-element elementor-element-7abdb06 e-con-full e-flex e-con e-child\" data-id=\"7abdb06\" data-element_type=\"container\">\n\t\t\t\t<div class=\"elementor-element elementor-element-b3b987d ninetheme-transform transform-type-translate elementor-widget elementor-widget-heading\" data-id=\"b3b987d\" data-element_type=\"widget\" data-widget_type=\"heading.default\">\n\t\t\t\t\t<h3 class=\"elementor-heading-title elementor-size-default\">O que \u00e9 BMC?<\/h3>\t\t\t\t<\/div>\n\t\t\t\t<div class=\"elementor-element elementor-element-dbffc49 elementor-widget__width-initial ninetheme-transform transform-type-translate elementor-widget elementor-widget-heading\" data-id=\"dbffc49\" data-element_type=\"widget\" data-widget_type=\"heading.default\">\n\t\t\t\t\t<p class=\"elementor-heading-title elementor-size-default\">Trata-se de um composto que resiste a temperaturas acima de 500\u00baC, o que proporciona maior seguran\u00e7a contra a deforma\u00e7\u00e3o por uso e inc\u00eandio nos far\u00f3is. Visando o aperfei\u00e7oamento dos nossos produtos, nos adequamos \u00e0s normas europ\u00e9ias, importando, maquin\u00e1rio espec\u00ed\uf001co para produzir re\uf002etores em BMC.<\/p>\t\t\t\t<\/div>\n\t\t\t\t<\/div>\n\t\t\t\t\t<\/div>\n\t\t\t\t<\/div>\n\t\t<div class=\"elementor-element elementor-element-90a52a9 e-flex e-con-boxed e-con e-parent\" data-id=\"90a52a9\" data-element_type=\"container\" data-settings=\"{&quot;background_background&quot;:&quot;classic&quot;}\">\n\t\t\t\t\t<div class=\"e-con-inner\">\n\t\t<div class=\"elementor-element elementor-element-142d73d e-con-full e-flex e-con e-child\" data-id=\"142d73d\" data-element_type=\"container\">\n\t\t\t\t<div class=\"elementor-element elementor-element-20965086 ninetheme-transform transform-type-translate elementor-widget elementor-widget-heading\" data-id=\"20965086\" data-element_type=\"widget\" data-widget_type=\"heading.default\">\n\t\t\t\t\t<h2 class=\"elementor-heading-title elementor-size-default\">FAR\u00d3IS - LANTERNAS - ADAPTA\u00c7\u00d5ES<\/h2>\t\t\t\t<\/div>\n\t\t\t\t<div class=\"elementor-element elementor-element-4cffad0 ninetheme-transform transform-type-translate elementor-widget elementor-widget-heading\" data-id=\"4cffad0\" data-element_type=\"widget\" data-widget_type=\"heading.default\">\n\t\t\t\t\t<h2 class=\"elementor-heading-title elementor-size-default\">Passeio - Caminh\u00f5es - \u00d4nibus - Tratores - Socorro\/Ca\u00e7a\/Pesca<\/h2>\t\t\t\t<\/div>\n\t\t\t\t<div class=\"elementor-element elementor-element-dd192a6 elementor-widget__width-initial ninetheme-transform transform-type-translate elementor-widget elementor-widget-heading\" data-id=\"dd192a6\" data-element_type=\"widget\" data-widget_type=\"heading.default\">\n\t\t\t\t\t<p class=\"elementor-heading-title elementor-size-default\">Seja na cidade ou na estrada, e at\u00e9 mesmo em outras situa\u00e7\u00f5es espec\u00edficas, far\u00f3is e lanternas s\u00e3o imprescind\u00edveis para a seguran\u00e7a de todos, principalmente em momentos mais adversos.\nDesde a composi\u00e7\u00e3o do material at\u00e9 os ajustes fin\u00e1is, passando por rigorosos protocolos de produ\u00e7\u00e3o, temos total no\u00e7\u00e3o da responsabilidade e compromisso que precisamos ter com os\nnossos produtos.<\/p>\t\t\t\t<\/div>\n\t\t\t\t<\/div>\n\t\t<div class=\"elementor-element elementor-element-f6bb990 e-con-full e-flex e-con e-child\" data-id=\"f6bb990\" data-element_type=\"container\">\n\t\t\t\t<div class=\"elementor-element elementor-element-71e3e79 elementor-widget elementor-widget-image\" data-id=\"71e3e79\" data-element_type=\"widget\" data-widget_type=\"image.default\">\n\t\t\t\t\t\t\t\t\t\t\t\t\t\t\t<img loading=\"lazy\" decoding=\"async\" width=\"960\" height=\"551\" src=\"https:\/\/farois-fortluz.com.br\/2026\/wp-content\/uploads\/2025\/08\/farois_11zon-1024x588.webp\" class=\"attachment-large size-large wp-image-23368\" alt=\"\" \/>\t\t\t\t\t\t\t\t\t\t\t\t\t\t\t<\/div>\n\t\t\t\t<\/div>\n\t\t\t\t\t<\/div>\n\t\t\t\t<\/div>\n\t\t\t\t<\/div>\n\t\t","protected":false},"excerpt":{"rendered":"<p>Farol tem que ser ForteFORTLUZ Fundada em abril de 1989, em uma \u00e1rea de 9m\u00b2, a FORTLUZ atualmente conta com uma \u00e1rea fabril de aproximadamente 10.000m\u00b2. Nosso foco \u00e9 a fabrica\u00e7\u00e3o de far\u00f3is, lanternas e adapta\u00e7\u00f5es para linha automotiva, pesada, tratores, socorro\/ca\u00e7a\/ pesca, e dispomos de uma gama de 740 produtos, a qual ampliamos cada&#8230;<\/p>\n","protected":false},"author":2,"featured_media":0,"parent":0,"menu_order":0,"comment_status":"closed","ping_status":"closed","template":"","meta":{"footnotes":""},"class_list":{"0":"post-14641","1":"page","2":"type-page","3":"status-publish","4":"hentry","5":"nt-post-class","6":"","7":"thumb-none","9":"excerpt-none"},"_links":{"self":[{"href":"https:\/\/farois-fortluz.com.br\/2026\/index.php\/wp-json\/wp\/v2\/pages\/14641","targetHints":{"allow":["GET"]}}],"collection":[{"href":"https:\/\/farois-fortluz.com.br\/2026\/index.php\/wp-json\/wp\/v2\/pages"}],"about":[{"href":"https:\/\/farois-fortluz.com.br\/2026\/index.php\/wp-json\/wp\/v2\/types\/page"}],"author":[{"embeddable":true,"href":"https:\/\/farois-fortluz.com.br\/2026\/index.php\/wp-json\/wp\/v2\/users\/2"}],"replies":[{"embeddable":true,"href":"https:\/\/farois-fortluz.com.br\/2026\/index.php\/wp-json\/wp\/v2\/comments?post=14641"}],"version-history":[{"count":49,"href":"https:\/\/farois-fortluz.com.br\/2026\/index.php\/wp-json\/wp\/v2\/pages\/14641\/revisions"}],"predecessor-version":[{"id":24020,"href":"https:\/\/farois-fortluz.com.br\/2026\/index.php\/wp-json\/wp\/v2\/pages\/14641\/revisions\/24020"}],"wp:attachment":[{"href":"https:\/\/farois-fortluz.com.br\/2026\/index.php\/wp-json\/wp\/v2\/media?parent=14641"}],"curies":[{"name":"wp","href":"https:\/\/api.w.org\/{rel}","templated":true}]}}